). Let y be 2446/(-14) - (-10)/(-35). Let m = z - y. What is the hundreds digit of m?
1
Let m(i) = 255*i**3 + i**2 - 7*i + 23. What is the units digit of m(2)?
3
Let s(w) = 1631*w**2 - 601*w + 2. What is the ten thousands digit of s(-4)?
2
Let m = 16 + -14. Suppose m*s + 3 = 1. What is the units digit of ((-2)/4)/(s/16)?
8
What is the hundreds digit of -11 + 7 + 9 - (-5847 - 0)?
8
Let w(t) = t**3 + t + 48. Let g be w(0). Let j(y) = y**2 - 9*y + 484. Let a be j(0). Suppose -44*q = -g*q + a. What is the hundreds digit of q?
1
Let x = 1230 + -2333. Let q = 1595 + x. What is the hundreds digit of q?
4
Let w = -22539 - -39936. Suppose w = 7*n - 1433. Suppose 8*r = -2*r + n. What is the tens digit of r?
6
Suppose 0 = -20*f + 32*f - 60. Suppose -2*s + 2129 = 5*r + 218, -f*r + 4815 = 5*s. What is the hundreds digit of s?
9
What is the thousands digit of 40*(1854/12)/3?
2
Suppose -116*v + 432760 = -1334036. What is the hundreds digit of v?
2
Suppose 0*v + 5*v = -4*q, -3*q - 3*v = 0. Suppose q = -3*k + 3465 + 1137. What is the hundreds digit of k?
5
Suppose 4*x = 84 - 4. Let q be 2828/x + (-4)/10. Suppose -f = -4*f + q. What is the units digit of f?
7
Let m(u) = u**3 + 3*u**2 - 10*u. Let c = -89 + 97. What is the tens digit of m(c)?
2
Suppose -4*y + 9 = 1. Suppose -45 = -s + 2*s - 5*n, -y*s - 63 = -n. Let v = s + 61. What is the tens digit of v?
3
Let o(a) = 8*a**2 + 32*a + 3. Let q(x) = 16*x**2 + 61*x + 5. Let u(t) = 5*o(t) - 2*q(t). What is the tens digit of u(-14)?
4
Let q = -98 - 34. Let x = q + 178. What is the tens digit of x?
4
Suppose -3*v = -7*v + 3*w + 920, 5*w - 661 = -3*v. What is the tens digit of 2 + 16/(-6) + v/3?
7
Suppose 14*k = 30*k - 77696. What is the tens digit of k?
5
Let s be 0/(4*4/48*-9). Suppose 4*u = t + t + 728, -4*u + 3*t + 732 = s. Suppose 0 = 3*c - 258 - u. What is the tens digit of c?
4
Let v = -93 - -93. Suppose v = 5*n - 3*n - 786. Suppose u = 5*i - 942, 0 = 2*i - 0*u + 5*u - n. What is the tens digit of i?
8
Let y = -16832 - -20182. What is the thousands digit of y?
3
Suppose -7*j + 11*j - 204 = 0. Suppose j = 2*k - 41. Suppose -277 + k = -3*s. What is the tens digit of s?
7
Let u = 19911 + 63346. What is the units digit of u?
7
Suppose 0 = -4*u + 2*z + 39958, 7*u - 3*z = 5*u + 19965. What is the hundreds digit of u?
9
Let b(y) = -8*y**3 + 9*y**2 - 7*y + 8. Let w(f) = f**3 - f**2 - f + 1. Let c(h) = -b(h) - 6*w(h). What is the hundreds digit of c(5)?
2
Let o be ((-8305)/22)/(3/(-30)). Let p = -2089 + o. What is the units digit of p?
6
Let m(l) = -11*l**3 - 46*l**2 + 82*l + 314. Let j(o) = -7*o**3 - 31*o**2 + 54*o + 210. Let v(d) = 8*j(d) - 5*m(d). What is the units digit of v(-20)?
0
Let d = 149 + -144. Suppose -5*i = d*i - 4810. What is the tens digit of i?
8
Let o = 25130 - 17674. What is the units digit of o?
6
Let p(d) = d**3 + 4*d**2 - 23*d - 22. Let v be p(7). Suppose 762 = -v*j + 358*j. What is the tens digit of j?
8
Let u = -5106 + 7306. What is the thousands digit of u?
2
Let x be -3 - ((-12)/(-9))/(3/(-9)). Let i(j) = 7*j - 7. Let b be i(x). What is the tens digit of 3 - (b + -61 + 1)?
6
Suppose -2*h + 4*a + 1384 = 0, 416*a - 419*a = 3*h - 2022. What is the hundreds digit of h?
6
Let w(l) = 41*l**2 - 40*l - 24. What is the units digit of w(-15)?
1
Suppose 680 = 10*q - 12*q. Let k = q + 598. What is the tens digit of k?
5
Suppose 3*y = 5*y + 36. Let j(l) = -4*l - 63. Let t be j(y). Suppose 495 = 2*f + t*f. What is the units digit of f?
5
Suppose -31685 = -5*o - 5*g + 48865, 64440 = 4*o - g. What is the thousands digit of o?
6
Suppose 75 + 45 = -24*r. What is the units digit of 688170/525 - 6/r?
2
Let o = 421 + -178. Suppose -47*x + 50*x - o = 0. What is the units digit of x?
1
Let h be 2/(3 - 5 - (-252)/128). Let z = 63 + h. What is the units digit of (-1 - -2 - z)*522/12?
7
Let b(h) = h**3 + 65*h**2 - 156*h - 82. What is the thousands digit of b(-66)?
5
Let h = 87 + -98. What is the units digit of h*(-22 - -1 - -2)?
9
Let g = 514 - -3310. What is the tens digit of g?
2
Let i be -11 - (-602)/56 - (-14)/(-8). What is the tens digit of ((2 - 586)/(-4))/(i/(-5))?
6
Let b = -134 - -153. Suppose -5*y = t - 2998, -b*t + 20*t = 3*y - 1802. What is the units digit of y?
0
Suppose 0 = 17*m - 1517 - 710. Let y = m - -273. What is the units digit of y?
4
Let s(f) = 258*f**2 + 36*f - 35. What is the hundreds digit of s(-4)?
9
Let h be ((-29)/174)/((-3)/(-36)*-2). What is the hundreds digit of h*257 - (-8)/(-104)*13?
2
Let g = -71 - -69. What is the tens digit of (g + 213/2)*6?
2
Suppose -14*o + 48 = 104. What is the units digit of (-128070)/(-180) + (6/o - -1)?
1
Let q = -653 - -1368. Suppose -q - 1241 = -6*a. What is the tens digit of a?
2
Let t(i) = -i**3 - 12*i**2 + 15*i + 31. Let f be t(-13). Let z(w) = 195*w + 13. What is the hundreds digit of z(f)?
9
Let z = 261 - 261. What is the hundreds digit of 3 + -2 - ((-2037)/3 + z)?
6
What is the thousands digit of 254863/(-46)*((-18)/7 - -4 - 2)?
3
Let h = 7816 + -2943. What is the hundreds digit of h?
8
Suppose 20656 = 5*l + d, l + 931 = 4*d + 5079. What is the units digit of l?
2
Let x = 4337 - 3165. What is the tens digit of x?
7
Suppose 0 = -4*o - 20, 3*o + 4685 + 532 = i. What is the units digit of i?
2
Let z be (-1 + (-2)/6)/((-12)/297). Suppose 39*r = z*r + 1932. What is the tens digit of r?
2
Let b be (0 - -174)*3/9. Let z be (-2 + 0)/(120/b + -2). Let m = 35 + z. What is the units digit of m?
6
Let s(i) = -i**3 - 8*i**2 - 2*i - 2. Let g be (-46)/10 + 5 + 124/(-10). What is the hundreds digit of s(g)?
5
Suppose 3*t - 2*a - 107 = 0, -5*t + a = -161 - 22. Let l = 187 - t. What is the units digit of l?
0
Let k = 92170 + -45498. What is the units digit of k?
2
Let i = -13891 + 27141. What is the ten thousands digit of i?
1
Suppose 186270 = 59*v - 236406. What is the hundreds digit of v?
1
What is the tens digit of 14/(-56)*(6 + -31370)?
4
Let b = -4069 + 6865. Suppose 22*x + b = 24*x. What is the tens digit of x?
9
Suppose -4*u - 3053 = 5*j, -3*u - 2604 = 5*j - 318. Let m = -385 - u. What is the tens digit of m?
8
Let r(v) be the second derivative of -7*v**3/6 + 91*v**2/2 - 5*v. Let l = 307 - 307. What is the units digit of r(l)?
1
Let b(s) = 2*s**2 + 23*s + 1617. What is the units digit of b(-83)?
6
Suppose 2*k + 31 = 5*o - 2*k, -3*o + 5 = k. Let m be (-10)/(0 + 0 + -2). Suppose 201 = o*r + 2*u, 5*r - 50 = 4*r + m*u. What is the tens digit of r?
6
Suppose -55625 - 40027 = -18*i. What is the thousands digit of i?
5
Let k(d) = d**3 + 5*d**2 - 8*d - 8. Let o be k(-6). Suppose -2*f + o*w + 16 = -w, 0 = -f + 3*w + 10. What is the units digit of -1*3 - (f + -2)?
1
Let i(a) = -7724*a + 4928. What is the hundreds digit of i(-4)?
8
Let w = 26005 + -10671. What is the thousands digit of w?
5
Let q(b) = 6371*b + 5035. What is the thousands digit of q(7)?
9
Let f be 2600/48 - 3/18. Suppose f = l - 93. What is the units digit of l?
7
Let m(x) = 7*x**2 + 12*x - 58. What is the thousands digit of m(21)?
3
Let a(n) = 183*n**2 + 3897*n + 68. What is the tens digit of a(-33)?
5
Let g be (-712)/(-20) + (-6)/10. Let r be (-7)/(g/10) - 4. What is the units digit of -2*(-9)/r + 15?
2
Let s(t) = 5*t**2 + 2*t - 2. Let p be s(-2). Suppose 53 = -v + p. Let h = v + 58. What is the tens digit of h?
1
Suppose 0 = 3*v + i - 25759, 79*v = 77*v + i + 17176. What is the hundreds digit of v?
5
Let s = -217 + 223. Let m(t) = 7*t**2 + 29*t - 27. Let b(w) = -3*w**2 - 14*w + 13. Let o(n) = -9*b(n) - 4*m(n). What is the units digit of o(s)?
5
Let k(n) = 249*n + 6. Let f be k(-2). Let i = f - -999. What is the tens digit of i?
0
Suppose 0*q = -6*q - 12. What is the hundreds digit of -6*36/q*(-560)/(-168)?
3
Let i = 345 + -234. Let h be 6 + -4 - (0 - -1)*-1. Suppose a + a = 4*o + 76, h*a - i = 5*o. What is the tens digit of a?
3
Let w = -8855 - -14234. What is the tens digit of w?
7
Let w(z) = -559*z - 3351. What is the thousands digit of w(-74)?
8
Let x(l) be the third derivative of 193*l**5/60 - l**4/24 + 24*l**2. Let y be x(-1). Suppose 0 = -8*i + 6*i + y. What is the tens digit of i?
9
Let v = -17 - -8. Let t be (192/v)/(0 + 1/(-9)). Suppose -53*g + 50*g = -t. What is the units digit of g?
4
Let n be 3 - (-3 + (-10)/(-2) + -1). Suppose -10*f = -n*f - 680. What is the units digit of f?
5
Suppose 219 =